{"id":10065,"date":"2025-07-08T09:14:20","date_gmt":"2025-07-08T09:14:20","guid":{"rendered":"https:\/\/luviaflowers.com\/?post_type=product&#038;p=10065"},"modified":"2025-09-01T13:58:45","modified_gmt":"2025-09-01T13:58:45","slug":"marineris-serisi-mix-sukulent-teraryum","status":"publish","type":"product","link":"https:\/\/luviaflowers.com\/?product=marineris-serisi-mix-sukulent-teraryum","title":{"rendered":"Marineris Serisi Mix Sukulent Teraryum"},"content":{"rendered":"","protected":false},"excerpt":{"rendered":"<h4>\u00dcr\u00fcn Detaylar\u0131<\/h4>\n<div>&#8211; Marineris Serisi Mix Sukulent Teraryum, evinizin veya ofisinizin atmosferini zenginle\u015ftiren do\u011fal bir estetik sunar.<\/div>\n<div>&#8211; Sukulent bitkilerinin canl\u0131 renkleri ve dayan\u0131kl\u0131l\u0131\u011f\u0131 ile dikkat \u00e7eken bu teraryum, i\u00e7 mekan dekorasyonunuza \u015f\u0131k bir dokunu\u015f ekler.<\/div>\n<div>&#8211; \u00d6zel tasarlanm\u0131\u015f kar\u0131\u015f\u0131m sukulentler sayesinde, her t\u00fcrl\u00fc i\u00e7 mekan ko\u015fuluna uyum sa\u011flayarak uzun s\u00fcreli bak\u0131m gerektirmez.<\/div>\n<div>&#8211; Kolay temizlenebilir yap\u0131s\u0131yla pratik kullan\u0131m imkan\u0131 sunar; b\u00f6ylece zaman kazand\u0131r\u0131rken ayn\u0131 zamanda bitkilerinizin sa\u011fl\u0131kl\u0131 kalmas\u0131na yard\u0131mc\u0131 olur.<\/div>\n<div>Saks\u0131 y\u00fcksekli\u011fi: 8 cm Saks\u0131n\u0131n geni\u015fli\u011fi: 30 cm<\/div>\n","protected":false},"featured_media":10066,"template":"","meta":{"postBodyCss":"","postBodyMargin":[],"postBodyPadding":[],"postBodyBackground":{"backgroundType":"classic","gradient":""}},"product_brand":[],"product_cat":[120,105,126],"product_tag":[],"class_list":{"0":"post-10065","1":"product","2":"type-product","3":"status-publish","4":"has-post-thumbnail","6":"product_cat-kaktusler","7":"product_cat-saksi-cicekler","8":"product_cat-tum-urunlerimiz","10":"first","11":"instock","12":"sale","13":"shipping-taxable","14":"purchasable","15":"product-type-simple"},"_links":{"self":[{"href":"https:\/\/luviaflowers.com\/index.php?rest_route=\/wp\/v2\/product\/10065","targetHints":{"allow":["GET"]}}],"collection":[{"href":"https:\/\/luviaflowers.com\/index.php?rest_route=\/wp\/v2\/product"}],"about":[{"href":"https:\/\/luviaflowers.com\/index.php?rest_route=\/wp\/v2\/types\/product"}],"wp:featuredmedia":[{"embeddable":true,"href":"https:\/\/luviaflowers.com\/index.php?rest_route=\/wp\/v2\/media\/10066"}],"wp:attachment":[{"href":"https:\/\/luviaflowers.com\/index.php?rest_route=%2Fwp%2Fv2%2Fmedia&parent=10065"}],"wp:term":[{"taxonomy":"product_brand","embeddable":true,"href":"https:\/\/luviaflowers.com\/index.php?rest_route=%2Fwp%2Fv2%2Fproduct_brand&post=10065"},{"taxonomy":"product_cat","embeddable":true,"href":"https:\/\/luviaflowers.com\/index.php?rest_route=%2Fwp%2Fv2%2Fproduct_cat&post=10065"},{"taxonomy":"product_tag","embeddable":true,"href":"https:\/\/luviaflowers.com\/index.php?rest_route=%2Fwp%2Fv2%2Fproduct_tag&post=10065"}],"curies":[{"name":"wp","href":"https:\/\/api.w.org\/{rel}","templated":true}]}}