{"id":10096,"date":"2025-07-17T06:51:37","date_gmt":"2025-07-17T06:51:37","guid":{"rendered":"https:\/\/luviaflowers.com\/?post_type=product&#038;p=10096"},"modified":"2025-09-01T13:56:23","modified_gmt":"2025-09-01T13:56:23","slug":"premium-kutuda-gul","status":"publish","type":"product","link":"https:\/\/luviaflowers.com\/?product=premium-kutuda-gul","title":{"rendered":"Premium Kutuda G\u00fcl"},"content":{"rendered":"","protected":false},"excerpt":{"rendered":"<p>G\u00f6r\u00fcnenden \u00e7ok daha b\u00fcy\u00fck dev bir kutuda 24 adet olarak hazirlanmaktadir.<br \/>\nUr\u00fcn g\u00f6rselinde g\u00f6r\u00fcnd\u00fcg\u00fc gibi, taze, b\u00fcy\u00fck ve canli<\/p>\n","protected":false},"featured_media":10097,"template":"","meta":{"postBodyCss":"","postBodyMargin":[],"postBodyPadding":[],"postBodyBackground":{"backgroundType":"classic","gradient":""}},"product_brand":[],"product_cat":[103,126],"product_tag":[],"class_list":{"0":"post-10096","1":"product","2":"type-product","3":"status-publish","4":"has-post-thumbnail","6":"product_cat-kutuda-guller","7":"product_cat-tum-urunlerimiz","9":"first","10":"instock","11":"shipping-taxable","12":"purchasable","13":"product-type-simple"},"_links":{"self":[{"href":"https:\/\/luviaflowers.com\/index.php?rest_route=\/wp\/v2\/product\/10096","targetHints":{"allow":["GET"]}}],"collection":[{"href":"https:\/\/luviaflowers.com\/index.php?rest_route=\/wp\/v2\/product"}],"about":[{"href":"https:\/\/luviaflowers.com\/index.php?rest_route=\/wp\/v2\/types\/product"}],"wp:featuredmedia":[{"embeddable":true,"href":"https:\/\/luviaflowers.com\/index.php?rest_route=\/wp\/v2\/media\/10097"}],"wp:attachment":[{"href":"https:\/\/luviaflowers.com\/index.php?rest_route=%2Fwp%2Fv2%2Fmedia&parent=10096"}],"wp:term":[{"taxonomy":"product_brand","embeddable":true,"href":"https:\/\/luviaflowers.com\/index.php?rest_route=%2Fwp%2Fv2%2Fproduct_brand&post=10096"},{"taxonomy":"product_cat","embeddable":true,"href":"https:\/\/luviaflowers.com\/index.php?rest_route=%2Fwp%2Fv2%2Fproduct_cat&post=10096"},{"taxonomy":"product_tag","embeddable":true,"href":"https:\/\/luviaflowers.com\/index.php?rest_route=%2Fwp%2Fv2%2Fproduct_tag&post=10096"}],"curies":[{"name":"wp","href":"https:\/\/api.w.org\/{rel}","templated":true}]}}