{"id":10156,"date":"2025-07-22T06:54:45","date_gmt":"2025-07-22T06:54:45","guid":{"rendered":"https:\/\/luviaflowers.com\/?post_type=product&#038;p=10156"},"modified":"2025-10-19T14:35:16","modified_gmt":"2025-10-19T14:35:16","slug":"beyaz-gul-papatya-ve-ayicik-anahtarlik-buketi","status":"publish","type":"product","link":"https:\/\/luviaflowers.com\/?product=beyaz-gul-papatya-ve-ayicik-anahtarlik-buketi","title":{"rendered":"Beyaz G\u00fcl, Papatya ve Ay\u0131c\u0131k Anahtarl\u0131k Buketi"},"content":{"rendered":"","protected":false},"excerpt":{"rendered":"<p>Safl\u0131\u011f\u0131, ne\u015feyi ve sevgiyi bir araya getiren bu e\u015fsiz buketle tan\u0131\u015f\u0131n! <b>Beyaz g\u00fcllerin<\/b> zarafeti, <b>papatyalar\u0131n<\/b> canl\u0131l\u0131\u011f\u0131 ve sevimli bir <b>ay\u0131c\u0131k anahtarl\u0131\u011f\u0131n<\/b> s\u0131cakl\u0131\u011f\u0131yla haz\u0131rlanan bu buket, kal\u0131c\u0131 bir hat\u0131ra b\u0131rakacak \u00f6zel bir hediye.<\/p>\n<p>Do\u011fum g\u00fcnleri, Anneler G\u00fcn\u00fc, Sevgililer G\u00fcn\u00fc veya sadece &#8220;seni d\u00fc\u015f\u00fcn\u00fcyorum&#8221; demek i\u00e7in ideal. Hem g\u00f6z al\u0131c\u0131 bir buket hem de s\u00fcrekli yan\u0131n\u0131zda ta\u015f\u0131yabilece\u011finiz \u015firin bir anahtarl\u0131k. Sevdiklerinize anlam dolu ve unutulmaz bir jest yap\u0131n.<\/p>\n","protected":false},"featured_media":10157,"template":"","meta":{"postBodyCss":"","postBodyMargin":[],"postBodyPadding":[],"postBodyBackground":{"backgroundType":"classic","gradient":""}},"product_brand":[],"product_cat":[101,100,99,102,126],"product_tag":[],"class_list":{"0":"post-10156","1":"product","2":"type-product","3":"status-publish","4":"has-post-thumbnail","6":"product_cat-buketler","7":"product_cat-dogum-gunu","8":"product_cat-gonderim-amaci","9":"product_cat-gul-buketleri","10":"product_cat-tum-urunlerimiz","12":"first","13":"instock","14":"shipping-taxable","15":"purchasable","16":"product-type-simple"},"_links":{"self":[{"href":"https:\/\/luviaflowers.com\/index.php?rest_route=\/wp\/v2\/product\/10156","targetHints":{"allow":["GET"]}}],"collection":[{"href":"https:\/\/luviaflowers.com\/index.php?rest_route=\/wp\/v2\/product"}],"about":[{"href":"https:\/\/luviaflowers.com\/index.php?rest_route=\/wp\/v2\/types\/product"}],"wp:featuredmedia":[{"embeddable":true,"href":"https:\/\/luviaflowers.com\/index.php?rest_route=\/wp\/v2\/media\/10157"}],"wp:attachment":[{"href":"https:\/\/luviaflowers.com\/index.php?rest_route=%2Fwp%2Fv2%2Fmedia&parent=10156"}],"wp:term":[{"taxonomy":"product_brand","embeddable":true,"href":"https:\/\/luviaflowers.com\/index.php?rest_route=%2Fwp%2Fv2%2Fproduct_brand&post=10156"},{"taxonomy":"product_cat","embeddable":true,"href":"https:\/\/luviaflowers.com\/index.php?rest_route=%2Fwp%2Fv2%2Fproduct_cat&post=10156"},{"taxonomy":"product_tag","embeddable":true,"href":"https:\/\/luviaflowers.com\/index.php?rest_route=%2Fwp%2Fv2%2Fproduct_tag&post=10156"}],"curies":[{"name":"wp","href":"https:\/\/api.w.org\/{rel}","templated":true}]}}