{"id":10258,"date":"2025-07-22T19:59:45","date_gmt":"2025-07-22T19:59:45","guid":{"rendered":"https:\/\/luviaflowers.com\/?post_type=product&#038;p=10258"},"modified":"2025-09-27T13:41:57","modified_gmt":"2025-09-27T13:41:57","slug":"kirmizi-gerberalarla-hazirlanmis-tek-katli-celenk","status":"publish","type":"product","link":"https:\/\/luviaflowers.com\/?product=kirmizi-gerberalarla-hazirlanmis-tek-katli-celenk","title":{"rendered":"K\u0131rm\u0131z\u0131 Gerberalarla Haz\u0131rlanm\u0131\u015f Tek Katl\u0131 \u00c7elenk"},"content":{"rendered":"","protected":false},"excerpt":{"rendered":"<p>Duygular\u0131n\u0131z\u0131 sade ve g\u00fc\u00e7l\u00fc bir \u015fekilde ifade etmek i\u00e7in tasarlanm\u0131\u015f bu <b>tek katl\u0131 \u00e7elenk<\/b>, <b>k\u0131rm\u0131z\u0131 gerberalar\u0131n<\/b> canl\u0131 enerjisiyle g\u00f6z kama\u015ft\u0131r\u0131yor. A\u015fk\u0131, sayg\u0131y\u0131 ve tutkuyu simgeleyen bu zarif \u00e7i\u00e7ekler, anlaml\u0131 anlar\u0131n\u0131zda yan\u0131n\u0131zda olmak i\u00e7in \u00f6zenle bir araya getirildi. T\u00f6renler, anma etkinlikleri veya kutlamalar i\u00e7in ideal olan bu \u00e7elenk, samimi ve etkileyici bir mesaj iletmek isteyenler i\u00e7in m\u00fckemmel bir se\u00e7imdir.<\/p>\n","protected":false},"featured_media":10259,"template":"","meta":{"postBodyCss":"","postBodyMargin":[],"postBodyPadding":[],"postBodyBackground":{"backgroundType":"classic","gradient":""}},"product_brand":[],"product_cat":[132,126],"product_tag":[],"class_list":{"0":"post-10258","1":"product","2":"type-product","3":"status-publish","4":"has-post-thumbnail","6":"product_cat-celenk","7":"product_cat-tum-urunlerimiz","9":"first","10":"instock","11":"shipping-taxable","12":"purchasable","13":"product-type-simple"},"_links":{"self":[{"href":"https:\/\/luviaflowers.com\/index.php?rest_route=\/wp\/v2\/product\/10258","targetHints":{"allow":["GET"]}}],"collection":[{"href":"https:\/\/luviaflowers.com\/index.php?rest_route=\/wp\/v2\/product"}],"about":[{"href":"https:\/\/luviaflowers.com\/index.php?rest_route=\/wp\/v2\/types\/product"}],"wp:featuredmedia":[{"embeddable":true,"href":"https:\/\/luviaflowers.com\/index.php?rest_route=\/wp\/v2\/media\/10259"}],"wp:attachment":[{"href":"https:\/\/luviaflowers.com\/index.php?rest_route=%2Fwp%2Fv2%2Fmedia&parent=10258"}],"wp:term":[{"taxonomy":"product_brand","embeddable":true,"href":"https:\/\/luviaflowers.com\/index.php?rest_route=%2Fwp%2Fv2%2Fproduct_brand&post=10258"},{"taxonomy":"product_cat","embeddable":true,"href":"https:\/\/luviaflowers.com\/index.php?rest_route=%2Fwp%2Fv2%2Fproduct_cat&post=10258"},{"taxonomy":"product_tag","embeddable":true,"href":"https:\/\/luviaflowers.com\/index.php?rest_route=%2Fwp%2Fv2%2Fproduct_tag&post=10258"}],"curies":[{"name":"wp","href":"https:\/\/api.w.org\/{rel}","templated":true}]}}