{"id":10422,"date":"2025-07-25T08:39:32","date_gmt":"2025-07-25T08:39:32","guid":{"rendered":"https:\/\/luviaflowers.com\/?post_type=product&#038;p=10422"},"modified":"2025-09-01T13:44:07","modified_gmt":"2025-09-01T13:44:07","slug":"para-agaci","status":"publish","type":"product","link":"https:\/\/luviaflowers.com\/?product=para-agaci","title":{"rendered":"Para a\u011fac\u0131"},"content":{"rendered":"","protected":false},"excerpt":{"rendered":"<p><b>Para A\u011fac\u0131 (Pachira Aquatica)<\/b> ile evinize veya ofisinize hem <b>\u015fans hem de estetik<\/b> kat\u0131n! Uzun, \u00f6rg\u00fcl\u00fc g\u00f6vdesi ve parlak ye\u015fil yapraklar\u0131yla bilinen bu egzotik bitki, Feng Shui&#8217;ye g\u00f6re <b>bolluk ve refah\u0131n<\/b> sembol\u00fcd\u00fcr.<\/p>\n<p>Sadece g\u00f6z al\u0131c\u0131 olmakla kalmaz, ayn\u0131 zamanda bulundu\u011fu ortama <b>tropikal bir hava<\/b> katar ve ya\u015fam alanlar\u0131n\u0131za do\u011fal bir dokunu\u015f getirir. <b>Bak\u0131m\u0131 olduk\u00e7a kolay<\/b> olan Para A\u011fac\u0131, dayan\u0131kl\u0131 yap\u0131s\u0131yla hem yeni ba\u015flayanlar hem de deneyimli bitki severler i\u00e7in idealdir.<\/p>\n<p>Para A\u011fac\u0131, sevdiklerinize i\u015f ba\u015flang\u0131c\u0131, yeni ev veya herhangi bir kutlama i\u00e7in <b>anlaml\u0131 ve u\u011furlu bir hediye<\/b> olabilece\u011fi gibi, kendi mekan\u0131n\u0131za <b>pozitif enerji ve do\u011fal g\u00fczellik<\/b> katmak i\u00e7in de harika bir se\u00e7imdir. Bu e\u015fsiz bitkiyle evinize ye\u015fil bir zarafet ve \u015fans getirin!<\/p>\n","protected":false},"featured_media":10423,"template":"","meta":{"postBodyCss":"","postBodyMargin":[],"postBodyPadding":[],"postBodyBackground":{"backgroundType":"classic","gradient":""}},"product_brand":[],"product_cat":[15,101,121,99,103,104,105,106,126,122],"product_tag":[],"class_list":{"0":"post-10422","1":"product","2":"type-product","3":"status-publish","4":"has-post-thumbnail","6":"product_cat-genel","7":"product_cat-buketler","8":"product_cat-butik-buketler","9":"product_cat-gonderim-amaci","10":"product_cat-kutuda-guller","11":"product_cat-orkideler","12":"product_cat-saksi-cicekler","13":"product_cat-tasarim-cicekler","14":"product_cat-tum-urunlerimiz","15":"product_cat-yapay-cicekler","17":"first","18":"instock","19":"shipping-taxable","20":"purchasable","21":"product-type-simple"},"_links":{"self":[{"href":"https:\/\/luviaflowers.com\/index.php?rest_route=\/wp\/v2\/product\/10422","targetHints":{"allow":["GET"]}}],"collection":[{"href":"https:\/\/luviaflowers.com\/index.php?rest_route=\/wp\/v2\/product"}],"about":[{"href":"https:\/\/luviaflowers.com\/index.php?rest_route=\/wp\/v2\/types\/product"}],"wp:featuredmedia":[{"embeddable":true,"href":"https:\/\/luviaflowers.com\/index.php?rest_route=\/wp\/v2\/media\/10423"}],"wp:attachment":[{"href":"https:\/\/luviaflowers.com\/index.php?rest_route=%2Fwp%2Fv2%2Fmedia&parent=10422"}],"wp:term":[{"taxonomy":"product_brand","embeddable":true,"href":"https:\/\/luviaflowers.com\/index.php?rest_route=%2Fwp%2Fv2%2Fproduct_brand&post=10422"},{"taxonomy":"product_cat","embeddable":true,"href":"https:\/\/luviaflowers.com\/index.php?rest_route=%2Fwp%2Fv2%2Fproduct_cat&post=10422"},{"taxonomy":"product_tag","embeddable":true,"href":"https:\/\/luviaflowers.com\/index.php?rest_route=%2Fwp%2Fv2%2Fproduct_tag&post=10422"}],"curies":[{"name":"wp","href":"https:\/\/api.w.org\/{rel}","templated":true}]}}