{"id":10437,"date":"2025-07-25T08:59:41","date_gmt":"2025-07-25T08:59:41","guid":{"rendered":"https:\/\/luviaflowers.com\/?post_type=product&#038;p=10437"},"modified":"2025-09-01T13:32:00","modified_gmt":"2025-09-01T13:32:00","slug":"10-kirmizi-gul-buketi","status":"publish","type":"product","link":"https:\/\/luviaflowers.com\/?product=10-kirmizi-gul-buketi","title":{"rendered":"10 K\u0131rm\u0131z\u0131 g\u00fcl buketi"},"content":{"rendered":"","protected":false},"excerpt":{"rendered":"<p><b>10 K\u0131rm\u0131z\u0131 G\u00fcl Buketi<\/b> ile a\u015fk\u0131, tutkuyu ve zarafeti en saf haliyle ifade edin! Bu b\u00fcy\u00fcleyici buket, <b>en taze ve en canl\u0131 on adet k\u0131rm\u0131z\u0131 g\u00fcl\u00fcn<\/b> muhte\u015fem bir araya geli\u015fidir. Her bir g\u00fcl, sevginizin derinli\u011fini ve duygular\u0131n\u0131z\u0131n yo\u011funlu\u011funu f\u0131s\u0131ldayan bir sembol ta\u015f\u0131r.<\/p>\n<p>K\u0131rm\u0131z\u0131 g\u00fcl, y\u00fczy\u0131llard\u0131r <b>a\u015fk\u0131n ve romantizmin evrensel dili<\/b> olmu\u015ftur. Bu buket, \u00f6zel bir g\u00fcn\u00fc kutlamak, sevdiklerinize olan d\u00fc\u015fk\u00fcnl\u00fc\u011f\u00fcn\u00fcz\u00fc g\u00f6stermek veya sadece &#8220;seni seviyorum&#8221; demek i\u00e7in m\u00fckemmel bir se\u00e7imdir.<\/p>\n<p>\u00d6zenle haz\u0131rlanm\u0131\u015f bu buket, her an\u0131 unutulmaz k\u0131larak al\u0131c\u0131s\u0131n\u0131n kalbinde kal\u0131c\u0131 bir iz b\u0131rakacakt\u0131r. Y\u0131ld\u00f6n\u00fcmleri, Sevgililer G\u00fcn\u00fc, do\u011fum g\u00fcnleri veya i\u00e7ten bir jest i\u00e7in <b>10 K\u0131rm\u0131z\u0131 G\u00fcl Buketi<\/b> ile duygular\u0131n\u0131z\u0131 en etkileyici \u015fekilde dile getirin.<\/p>\n","protected":false},"featured_media":10438,"template":"","meta":{"postBodyCss":"","postBodyMargin":[],"postBodyPadding":[],"postBodyBackground":{"backgroundType":"classic","gradient":""}},"product_brand":[],"product_cat":[101,102,126],"product_tag":[],"class_list":{"0":"post-10437","1":"product","2":"type-product","3":"status-publish","4":"has-post-thumbnail","6":"product_cat-buketler","7":"product_cat-gul-buketleri","8":"product_cat-tum-urunlerimiz","10":"first","11":"instock","12":"shipping-taxable","13":"purchasable","14":"product-type-simple"},"_links":{"self":[{"href":"https:\/\/luviaflowers.com\/index.php?rest_route=\/wp\/v2\/product\/10437","targetHints":{"allow":["GET"]}}],"collection":[{"href":"https:\/\/luviaflowers.com\/index.php?rest_route=\/wp\/v2\/product"}],"about":[{"href":"https:\/\/luviaflowers.com\/index.php?rest_route=\/wp\/v2\/types\/product"}],"wp:featuredmedia":[{"embeddable":true,"href":"https:\/\/luviaflowers.com\/index.php?rest_route=\/wp\/v2\/media\/10438"}],"wp:attachment":[{"href":"https:\/\/luviaflowers.com\/index.php?rest_route=%2Fwp%2Fv2%2Fmedia&parent=10437"}],"wp:term":[{"taxonomy":"product_brand","embeddable":true,"href":"https:\/\/luviaflowers.com\/index.php?rest_route=%2Fwp%2Fv2%2Fproduct_brand&post=10437"},{"taxonomy":"product_cat","embeddable":true,"href":"https:\/\/luviaflowers.com\/index.php?rest_route=%2Fwp%2Fv2%2Fproduct_cat&post=10437"},{"taxonomy":"product_tag","embeddable":true,"href":"https:\/\/luviaflowers.com\/index.php?rest_route=%2Fwp%2Fv2%2Fproduct_tag&post=10437"}],"curies":[{"name":"wp","href":"https:\/\/api.w.org\/{rel}","templated":true}]}}