{"id":10714,"date":"2025-09-10T10:11:37","date_gmt":"2025-09-10T10:11:37","guid":{"rendered":"https:\/\/luviaflowers.com\/?post_type=product&#038;p=10714"},"modified":"2025-09-23T13:02:51","modified_gmt":"2025-09-23T13:02:51","slug":"101-gul-buketi","status":"publish","type":"product","link":"https:\/\/luviaflowers.com\/?product=101-gul-buketi","title":{"rendered":"101 G\u00fcl Buketi"},"content":{"rendered":"<p>A\u015eK BUKET\u0130 KIRMIZI TAZE G\u00dcLLER\u0130M\u0130Z \u0130LE S\u0130ZE \u00d6ZEL TASARIMLARLA<\/p>\n<p>AYNI G\u00dcN ADRES\u0130N\u0130ZE TESL\u0130M<\/p>\n","protected":false},"excerpt":{"rendered":"<p>SEVG\u0130 VE A\u015eK KIRMIZI G\u00dcL BUKET\u0130<\/p>\n","protected":false},"featured_media":10715,"template":"","meta":{"postBodyCss":"","postBodyMargin":[],"postBodyPadding":[],"postBodyBackground":{"backgroundType":"classic","gradient":""}},"product_brand":[],"product_cat":[15,98,101,102,126],"product_tag":[],"class_list":{"0":"post-10714","1":"product","2":"type-product","3":"status-publish","4":"has-post-thumbnail","6":"product_cat-genel","7":"product_cat-ayni-gun-teslim","8":"product_cat-buketler","9":"product_cat-gul-buketleri","10":"product_cat-tum-urunlerimiz","12":"first","13":"instock","14":"sale","15":"shipping-taxable","16":"purchasable","17":"product-type-simple"},"_links":{"self":[{"href":"https:\/\/luviaflowers.com\/index.php?rest_route=\/wp\/v2\/product\/10714","targetHints":{"allow":["GET"]}}],"collection":[{"href":"https:\/\/luviaflowers.com\/index.php?rest_route=\/wp\/v2\/product"}],"about":[{"href":"https:\/\/luviaflowers.com\/index.php?rest_route=\/wp\/v2\/types\/product"}],"wp:featuredmedia":[{"embeddable":true,"href":"https:\/\/luviaflowers.com\/index.php?rest_route=\/wp\/v2\/media\/10715"}],"wp:attachment":[{"href":"https:\/\/luviaflowers.com\/index.php?rest_route=%2Fwp%2Fv2%2Fmedia&parent=10714"}],"wp:term":[{"taxonomy":"product_brand","embeddable":true,"href":"https:\/\/luviaflowers.com\/index.php?rest_route=%2Fwp%2Fv2%2Fproduct_brand&post=10714"},{"taxonomy":"product_cat","embeddable":true,"href":"https:\/\/luviaflowers.com\/index.php?rest_route=%2Fwp%2Fv2%2Fproduct_cat&post=10714"},{"taxonomy":"product_tag","embeddable":true,"href":"https:\/\/luviaflowers.com\/index.php?rest_route=%2Fwp%2Fv2%2Fproduct_tag&post=10714"}],"curies":[{"name":"wp","href":"https:\/\/api.w.org\/{rel}","templated":true}]}}