{"id":10747,"date":"2025-09-10T10:44:21","date_gmt":"2025-09-10T10:44:21","guid":{"rendered":"https:\/\/luviaflowers.com\/?post_type=product&#038;p=10747"},"modified":"2025-09-23T10:06:36","modified_gmt":"2025-09-23T10:06:36","slug":"renkli-buket","status":"publish","type":"product","link":"https:\/\/luviaflowers.com\/?product=renkli-buket","title":{"rendered":"Renkli Buket BAHAR DEMET\u0130"},"content":{"rendered":"<p>Zarif Bahar Demeti: Pembe ve mor tonlar\u0131n\u0131n b\u00fcy\u00fcleyici uyumuyla haz\u0131rlanan bu buket, g\u00fcller, krizantemler ve alstroemerialar\u0131n e\u015fsiz dans\u0131n\u0131 sunuyor. Bahar\u0131n tazeli\u011fini ve zarafetini sevdiklerinize ta\u015f\u0131mak i\u00e7in m\u00fckemmel bir se\u00e7im<\/p>\n","protected":false},"excerpt":{"rendered":"<p>ithal ansatasia ithal g\u00fcl ithal krizantem astomeria<\/p>\n","protected":false},"featured_media":10748,"template":"","meta":{"postBodyCss":"","postBodyMargin":[],"postBodyPadding":[],"postBodyBackground":{"backgroundType":"classic","gradient":""}},"product_brand":[],"product_cat":[15,98,101,112,100,109,99,111,110,126,107],"product_tag":[],"class_list":{"0":"post-10747","1":"product","2":"type-product","3":"status-publish","4":"has-post-thumbnail","6":"product_cat-genel","7":"product_cat-ayni-gun-teslim","8":"product_cat-buketler","9":"product_cat-diger-buketler","10":"product_cat-dogum-gunu","11":"product_cat-gecmis-olsun","12":"product_cat-gonderim-amaci","13":"product_cat-papatya-buketleri","14":"product_cat-tebrik","15":"product_cat-tum-urunlerimiz","16":"product_cat-yil-donumu","18":"first","19":"instock","20":"shipping-taxable","21":"purchasable","22":"product-type-simple"},"_links":{"self":[{"href":"https:\/\/luviaflowers.com\/index.php?rest_route=\/wp\/v2\/product\/10747","targetHints":{"allow":["GET"]}}],"collection":[{"href":"https:\/\/luviaflowers.com\/index.php?rest_route=\/wp\/v2\/product"}],"about":[{"href":"https:\/\/luviaflowers.com\/index.php?rest_route=\/wp\/v2\/types\/product"}],"wp:featuredmedia":[{"embeddable":true,"href":"https:\/\/luviaflowers.com\/index.php?rest_route=\/wp\/v2\/media\/10748"}],"wp:attachment":[{"href":"https:\/\/luviaflowers.com\/index.php?rest_route=%2Fwp%2Fv2%2Fmedia&parent=10747"}],"wp:term":[{"taxonomy":"product_brand","embeddable":true,"href":"https:\/\/luviaflowers.com\/index.php?rest_route=%2Fwp%2Fv2%2Fproduct_brand&post=10747"},{"taxonomy":"product_cat","embeddable":true,"href":"https:\/\/luviaflowers.com\/index.php?rest_route=%2Fwp%2Fv2%2Fproduct_cat&post=10747"},{"taxonomy":"product_tag","embeddable":true,"href":"https:\/\/luviaflowers.com\/index.php?rest_route=%2Fwp%2Fv2%2Fproduct_tag&post=10747"}],"curies":[{"name":"wp","href":"https:\/\/api.w.org\/{rel}","templated":true}]}}