{"id":10822,"date":"2025-09-24T10:32:12","date_gmt":"2025-09-24T10:32:12","guid":{"rendered":"https:\/\/luviaflowers.com\/?post_type=product&#038;p=10822"},"modified":"2025-09-24T10:33:50","modified_gmt":"2025-09-24T10:33:50","slug":"zarif-beyaz-gul-buketi","status":"publish","type":"product","link":"https:\/\/luviaflowers.com\/?product=zarif-beyaz-gul-buketi","title":{"rendered":"ZAR\u0130F BEYAZ G\u00dcL BUKET\u0130"},"content":{"rendered":"<p><strong>\u00d6ZEL G\u00dcNLERDE BEYAZ G\u00dcL BUKET\u0130 \u0130LE SEVG\u0130N\u0130Z\u0130 EN \u015eIK \u015eEK\u0130LDE \u0130FADE ED\u0130N<\/strong><\/p>\n<p>SAFLI\u011eI S\u0130MGELEYEN BEYAZ G\u00dcLLERLE SEVD\u0130KLER\u0130N\u0130ZE UNUTULMAZ ANLAR YA\u015eATIN<\/p>\n","protected":false},"excerpt":{"rendered":"<p>TAPTAZE BEYAZ G\u00dcLLERLE HAZIRLANAN ZAR\u0130F G\u00dcL BUKET\u0130<\/p>\n<p>HEMEN S\u0130PAR\u0130\u015e VER\u0130N<\/p>\n","protected":false},"featured_media":10823,"template":"","meta":{"postBodyCss":"","postBodyMargin":[],"postBodyPadding":[],"postBodyBackground":{"backgroundType":"classic","gradient":""}},"product_brand":[],"product_cat":[15,98,101,121,100,109,99,102,110,126,107],"product_tag":[],"class_list":{"0":"post-10822","1":"product","2":"type-product","3":"status-publish","4":"has-post-thumbnail","6":"product_cat-genel","7":"product_cat-ayni-gun-teslim","8":"product_cat-buketler","9":"product_cat-butik-buketler","10":"product_cat-dogum-gunu","11":"product_cat-gecmis-olsun","12":"product_cat-gonderim-amaci","13":"product_cat-gul-buketleri","14":"product_cat-tebrik","15":"product_cat-tum-urunlerimiz","16":"product_cat-yil-donumu","18":"first","19":"instock","20":"sale","21":"shipping-taxable","22":"purchasable","23":"product-type-simple"},"_links":{"self":[{"href":"https:\/\/luviaflowers.com\/index.php?rest_route=\/wp\/v2\/product\/10822","targetHints":{"allow":["GET"]}}],"collection":[{"href":"https:\/\/luviaflowers.com\/index.php?rest_route=\/wp\/v2\/product"}],"about":[{"href":"https:\/\/luviaflowers.com\/index.php?rest_route=\/wp\/v2\/types\/product"}],"wp:featuredmedia":[{"embeddable":true,"href":"https:\/\/luviaflowers.com\/index.php?rest_route=\/wp\/v2\/media\/10823"}],"wp:attachment":[{"href":"https:\/\/luviaflowers.com\/index.php?rest_route=%2Fwp%2Fv2%2Fmedia&parent=10822"}],"wp:term":[{"taxonomy":"product_brand","embeddable":true,"href":"https:\/\/luviaflowers.com\/index.php?rest_route=%2Fwp%2Fv2%2Fproduct_brand&post=10822"},{"taxonomy":"product_cat","embeddable":true,"href":"https:\/\/luviaflowers.com\/index.php?rest_route=%2Fwp%2Fv2%2Fproduct_cat&post=10822"},{"taxonomy":"product_tag","embeddable":true,"href":"https:\/\/luviaflowers.com\/index.php?rest_route=%2Fwp%2Fv2%2Fproduct_tag&post=10822"}],"curies":[{"name":"wp","href":"https:\/\/api.w.org\/{rel}","templated":true}]}}